sor of 6708 and 2340.
156
What is the greatest common factor of 6476 and 12?
4
Calculate the greatest common factor of 640 and 34940.
20
Calculate the greatest common factor of 376530 and 420.
210
What is the greatest common divisor of 7700 and 1456?
28
Calculate the highest common divisor of 18 and 50562.
18
What is the highest common factor of 2450 and 17542?
98
Calculate the greatest common divisor of 3549322 and 826.
826
What is the highest common factor of 336 and 40656?
336
Calculate the greatest common factor of 963 and 8453.
107
What is the highest common divisor of 178252 and 8?
4
What is the highest common factor of 3024 and 19460?
28
What is the highest common factor of 68 and 3632662?
34
What is the greatest common divisor of 649 and 19647?
59
Calculate the greatest common divisor of 1212 and 23129.
101
What is the greatest common factor of 15375 and 80250?
375
Calculate the highest common divisor of 37 and 537.
1
Calculate the highest common factor of 126063 and 3915.
783
Calculate the greatest common factor of 39 and 1851642.
39
What is the highest common factor of 9915 and 24457?
661
What is the greatest common factor of 235643 and 122?
61
Calculate the highest common divisor of 49487 and 142.
71
Calculate the greatest common factor of 297 and 466776.
27
Calculate the highest common divisor of 3164047 and 106.
53
What is the highest common factor of 1 and 43852?
1
Calculate the highest common divisor of 24 and 28568.
8
What is the greatest common factor of 3340140 and 6?
6
Calculate the highest common divisor of 136 and 213214.
34
What is the highest common divisor of 1325 and 2332?
53
What is the greatest common factor of 37835 and 269780?
1645
Calculate the greatest common divisor of 9 and 50751.
9
Calculate the greatest common factor of 176 and 12288.
16
Calculate the highest common factor of 2395659 and 645.
129
Calculate the highest common divisor of 9 and 164961.
9
Calculate the greatest common divisor of 300 and 818700.
300
What is the greatest common divisor of 41241 and 472?
59
Calculate the greatest common divisor of 13067 and 39917.
179
What is the highest common factor of 468 and 1468701?
117
Calculate the highest common factor of 310038 and 42.
6
What is the greatest common divisor of 345065 and 35?
35
What is the highest common divisor of 596900 and 350?
50
What is the greatest common divisor of 2706 and 116112?
246
Calculate the greatest common factor of 1580 and 481189.
79
What is the greatest common factor of 568252 and 532?
76
Calculate the greatest common divisor of 29 and 481951.
29
What is the highest common factor of 464 and 1568?
16
Calculate the highest common divisor of 2948 and 4.
4
What is the greatest common divisor of 23544 and 9701?
109
Calculate the highest common factor of 10571 and 107632.
961
What is the highest common factor of 189 and 309708?
63
What is the greatest common factor of 116 and 7772?
116
What is the greatest common factor of 22172 and 105076?
964
Calculate the highest common divisor of 109996 and 10700.
428
Calculate the highest common factor of 16 and 609704.
8
Calculate the highest common divisor of 36839 and 1309.
187
What is the highest common factor of 1059 and 2027985?
1059
What is the highest common factor of 2280 and 3720?
120
Calculate the greatest common factor of 288 and 77472.
288
What is the greatest common factor of 14864 and 10?
2
What is the greatest common divisor of 28165 and 1965?
655
What is the highest common factor of 707364 and 3087?
441
Calculate the highest common factor of 1259437 and 31.
31
What is the greatest common divisor of 6 and 9942?
6
What is the highest common factor of 982 and 1134701?
491
Calculate the highest common divisor of 5656 and 384.
8
What is the highest common divisor of 56390 and 10?
10
What is the greatest common factor of 1753790 and 1245?
415
What is the greatest common divisor of 10285 and 3157?
11
What is the greatest common divisor of 8990 and 113970?
290
What is the highest common divisor of 32 and 610592?
32
What is the greatest common divisor of 10 and 110725?
5
Calculate the highest common factor of 90 and 15006.
6
What is the greatest common factor of 5101537 and 147?
49
Calculate the greatest common divisor of 1252380 and 60.
60
What is the highest common divisor of 1574239 and 111?
37
What is the greatest common factor of 351 and 28717?
13
What is the highest common factor of 290 and 548390?
290
What is the greatest common divisor of 2268 and 208908?
252
Calculate the highest common factor of 4125 and 30360.
165
What is the highest common factor of 625 and 92900?
25
What is the highest common factor of 28 and 14266?
14
Calculate the highest common divisor of 33 and 476394.
3
What is the greatest common factor of 50362 and 2682?
298
What is the highest common factor of 6890 and 24830?
130
Calculate the greatest common factor of 306325 and 25.
25
What is the highest common divisor of 21 and 1787289?
21
Calculate the greatest common divisor of 243957 and 14.
7
What is the highest common factor of 32389 and 98?
49
What is the greatest common divisor of 353 and 23?
1
What is the highest common factor of 110 and 1127478?
22
What is the highest common factor of 3330 and 2998998?
666
What is the greatest common factor of 3 and 4821?
3
Calculate the greatest common divisor of 178 and 1135195.
89
Calculate the highest common factor of 33 and 211827.
33
Calculate the highest common factor of 2603 and 950.
19
What is the greatest common factor of 22 and 6886?
22
Calculate the highest common factor of 1188 and 228.
12
What is the highest common divisor of 32 and 22204?
4
Calculate the greatest common divisor of 35700 and 400.
100
What is the greatest common divisor of 133 and 3154627?
133
What is the highest common factor of 726 and 113498?
242
Calculate the highest common factor of 105 and 37130.
5
Calculate the highest common divisor of 88 and 600952.
88
What is the highest common factor of 627 and 7666747?
209
What is the greatest common divisor of 900 and 2475?
225
What is the highest common factor of 1377 and 304929?
153
What is the greatest common divisor of 35181 and 16659?
27
What is the greatest common factor of 1551 and 4752?
33
What is the highest common factor of 302 and 46961?
151
Calculate the highest common divisor of 532 and 574826.
266
What is the greatest common divisor of 2100 and 11490?
30
What is the greatest common factor of 105 and 275175?
15
Calculate the highest common factor of 99 and 6426.
9
Calculate the greatest common divisor of 32294 and 23618.
482
Calculate the greatest common divisor of 273 and 16401.
21
Calculate the greatest common divisor of 126 and 480258.
18
Calculate the greatest common factor of 16 and 72984.
8
What is the highest common divisor of 6594 and 630826?
2198
What is the greatest common divisor of 252 and 948636?
36
What is the greatest common factor of 864 and 456?
24
Calculate the greatest common factor of 6264 and 2424.
24
What is the highest common divisor of 4766585 and 4118?
2059
Calculate the highest common factor of 96 and 1734.
6
Calculate the greatest common factor of 467 and 164851.
467
Calculate the greatest common divisor of 2548 and 220500.
196
What is the highest common factor of 16136 and 5872?
8
What is the greatest common divisor of 460 and 276?
92
Calculate the highest common factor of 384 and 42972.
12
Calculate the greatest common factor of 226184 and 4312.
392
Calculate the highest common factor of 84 and 190484.
28
What is the highest common divisor of 792 and 18568?
88
Calculate the greatest common factor of 109065 and 330.
165
What is the greatest common divisor of 23219 and 428?
107
What is the highest common factor of 52 and 714636?
52
Calculate the highest common divisor of 924 and 684156.
132
Calculate the highest common factor of 7 and 3158239.
7
What is the greatest common factor of 26760 and 5129?
223
What is the greatest common divisor of 1970 and 9814540?
1970
Calculate the highest common divisor of 70 and 9608620.
70
What is the greatest common factor of 20112120 and 1932?
1932
Calculate the greatest common factor of 124659 and 4104.
513
Calculate the greatest common divisor of 6710 and 770.
110
Calculate the greatest common factor of 10264 an